{"id":367,"date":"2016-04-21T18:37:24","date_gmt":"2016-04-21T16:37:24","guid":{"rendered":"http:\/\/www.dormayer.at\/fleischermeister\/?page_id=367"},"modified":"2016-04-21T21:55:12","modified_gmt":"2016-04-21T19:55:12","slug":"bratwurst-special","status":"publish","type":"page","link":"http:\/\/www.dormayer.at\/fleischermeister\/bratwurst-special\/","title":{"rendered":"Bratwurst Special"},"content":{"rendered":"<h2 style=\"text-align: center;\"><span style=\"color: #cc0000;\">Heizen Sie die Griller an<br \/>\nWir starten in die Grillsaison<\/span><\/h2>\n<p>&nbsp;<\/p>\n<p style=\"text-align: center;\"><a href=\"http:\/\/www.dormayer.at\/fleischermeister\/wp-content\/uploads\/2016\/04\/MG_8161.jpg\"><img loading=\"lazy\" class=\"alignnone size-medium wp-image-376\" src=\"http:\/\/www.dormayer.at\/fleischermeister\/wp-content\/uploads\/2016\/04\/MG_8161-300x200.jpg\" alt=\"_MG_8161\" width=\"300\" height=\"200\" srcset=\"http:\/\/www.dormayer.at\/fleischermeister\/wp-content\/uploads\/2016\/04\/MG_8161-300x200.jpg 300w, http:\/\/www.dormayer.at\/fleischermeister\/wp-content\/uploads\/2016\/04\/MG_8161-768x512.jpg 768w, http:\/\/www.dormayer.at\/fleischermeister\/wp-content\/uploads\/2016\/04\/MG_8161-1024x683.jpg 1024w\" sizes=\"(max-width: 300px) 100vw, 300px\" \/><\/a><\/p>\n<p style=\"text-align: center;\">Bitte verwenden Sie zum Entz\u00fcnden der Kohlen nur geeignete Anz\u00fcnder und keines falls Benzin. -Es schmeckt nicht und der Grillabend k\u00f6nnte ein j\u00e4hes Ende nehmen&#8230;<\/p>\n<p style=\"text-align: center;\">Tipps zu Ihrer sichern Grillfeier finden Sie auf der Homepage der <a href=\"http:\/\/www.ff-langenzersdorf.at\/index.php\/wissenswertes\/zuhause\/grillen\">Freiwilligen Feuerwehr Langenzersdorf<\/a><\/p>\n<h3><span style=\"color: #cc0000;\">Die Schweinsbratwurst<\/span><\/h3>\n<p>Aus Schweinefleisch, Speck, Wasser, Salz, Pfeffer, Knoblauch und eine Priese Majoran so erfreut dieses W\u00fcrstel jeden Grillfan.<\/p>\n<h3><span style=\"color: #cc0000;\">K\u00e4sekrainer.<\/span><\/h3>\n<p>Ein muss bei jeder Grillfeier. Herzhaft rauchige, saftige mit K\u00e4se gef\u00fcllte Wurst aus Rind- und Schweinefleisch ist der Klassiker \u2013 Vorsicht spritzig!<\/p>\n<h3><span style=\"color: #cc0000;\">Salsiccia \u2013 Die italienische Bratwurst<br \/>\n<\/span><\/h3>\n<p>Eine sehr kr\u00e4uterw\u00fcrzig grobk\u00f6rnige Bratwurst, mit oder auch ohne Fenchel, wie sie der Italienfan kennt. Die F\u00fcllung aus Schweinefleisch l\u00e4sst sich auch in Sugo oder auf Pizzen geschmackvoll verwenden.<\/p>\n<h3><span style=\"color: #cc0000;\">Lamm Bratwurst<\/span><\/h3>\n<p>Erlesenes Lammfleisch, nat\u00fcrlich aus \u00d6sterreich, Speck und Kr\u00e4uter geben dieser Bratwurst den herrlichen Geschmack.<\/p>\n<h3><span style=\"color: #cc0000;\">Kalbs Bratwurst<\/span><\/h3>\n<p>Junge K\u00e4lber aus Nieder\u00f6sterreich und kerniger Speck aus dem Weinviertel einige Gew\u00fcrze, feines Br\u00e4t kommen in diese dem Gaumen umschmeichelnde Spezialit\u00e4t.<\/p>\n<h1><\/h1>\n<h1><span style=\"color: #cc0000;\">Bratwurst Specials:<\/span><\/h1>\n<p>&nbsp;<\/p>\n<h3><span style=\"color: #cc0000;\">Bratwurst mit Tomate &amp; Mozzarella<\/span><\/h3>\n<p>Fruchtige Paradeiser treffen zarten Mozzarella ummantelt von feinstem Schweinefleisch. Mediterraner Geschmack mit feiner Mozzarella Note.<\/p>\n<h3><span style=\"color: #cc0000;\">Bratwurst mit Olive und Feta<\/span><\/h3>\n<p>Gr\u00fcne Oliven und kr\u00e4ftiger Fetak\u00e4se geben dieser Schweinsbratwurst ihren besonderen Geschmack.<\/p>\n<h3><span style=\"color: #cc0000;\">Bratwurst mit Spinat und Pinienkern<\/span><\/h3>\n<p>Blattspinat und ganze Pinienkern in einer Wurst. Der im Schweinebr\u00e4t gemengte, zarte Spinat untermalt den Geschmack, die Pinienkerne geben der Wurst einen besonderen Biss.<\/p>\n<h3><span style=\"color: #cc0000;\">Bratwurst mit Speck und Bohnen<\/span><\/h3>\n<p>Ger\u00e4ucherter Fr\u00fchst\u00fcckspeck und rote Bohnen, schaffen das herzhafte Aroma im Br\u00e4t. Ein rundes rauchiges Aroma in einer unger\u00e4ucherten Wurst schafft ein neuartiges Geschmackserlebnis.<\/p>\n<h3><span style=\"color: #cc0000;\">Bratwurst mit Mango und Chili<\/span><\/h3>\n<p>Die s\u00fc\u00dfe der Mango trifft auf die leichte Sch\u00e4rfe der Peperocini. Der intensive Geschmack nach reifer Mango wird durch die fruchtigen Chilis unterstrichen.<\/p>\n<p>&nbsp;<\/p>\n<h2 style=\"text-align: center;\"><span style=\"color: #ca0000;\">Be Wild &#8211; Je nach Saison oder auch nach dem was unsere J\u00e4ger treffen:<\/span><\/h2>\n<p style=\"text-align: center;\">Wildschwein-,\u00a0 Reh-, Hirsch- oder Gams Bratwurst<\/p>\n<p>&nbsp;<\/p>\n<p>&nbsp;<\/p>\n<h2><span style=\"color: #cc0000;\">Grillen was Spa\u00df macht und schmeckt!<\/span><\/h2>\n<p>Wir werden oft gefragt: Kann man Wei\u00dfwurst auch grillen?<\/p>\n<p>Ja man kann und es schmeckt auch noch viel besser als blo\u00df mit Salz und Wasser im Topf erw\u00e4rmt.<\/p>\n<p>Schneiden Sie in die Wei\u00dfwurst kleine Kreuze so platzt sie nicht wenn es der Wurst am Grill hei\u00df wird.<\/p>\n<p>&nbsp;<\/p>\n<p>Blutwurst eignet sich f\u00fcr den Grill jedoch sollten Sie eine Grilltasse verwenden oder sie in Alufolie wickeln. Das Br\u00e4t dr\u00fcckt es ein wenig aus der Haut, so f\u00e4llt es somit nicht in die Glut.<\/p>\n<p><b>Bitte beachten Sie:<\/b> Unsere <a href=\"http:\/\/www.dormayer.at\/fleischermeister\/blutwurst-spezialitaeten-2\/\">Spezialblutw\u00fcrste <\/a>sind in einem speziellen Darm aus Kunststoff gef\u00fcllt. <b>Die Haut und die metallischen Clips <\/b>sind vor dem Grillen zu <b>entfernen<\/b>.<\/p>\n<p><a href=\"http:\/\/www.dormayer.at\/fleischermeister\/wp-content\/uploads\/2016\/04\/2016-04-21-20-16-16-1.png\"><img loading=\"lazy\" class=\"size-medium wp-image-386 aligncenter\" src=\"http:\/\/www.dormayer.at\/fleischermeister\/wp-content\/uploads\/2016\/04\/2016-04-21-20-16-16-1-300x238.png\" alt=\"2016-04-21-20-16-16\" width=\"300\" height=\"238\" srcset=\"http:\/\/www.dormayer.at\/fleischermeister\/wp-content\/uploads\/2016\/04\/2016-04-21-20-16-16-1-300x238.png 300w, http:\/\/www.dormayer.at\/fleischermeister\/wp-content\/uploads\/2016\/04\/2016-04-21-20-16-16-1-768x610.png 768w, http:\/\/www.dormayer.at\/fleischermeister\/wp-content\/uploads\/2016\/04\/2016-04-21-20-16-16-1-1024x813.png 1024w, http:\/\/www.dormayer.at\/fleischermeister\/wp-content\/uploads\/2016\/04\/2016-04-21-20-16-16-1.png 1060w\" sizes=\"(max-width: 300px) 100vw, 300px\" \/><\/a><\/p>\n<p>Frankfurter eignen sich nicht nur der L\u00e4nge nach aufgeschnitten mit K\u00e4se gef\u00fcllt und Speck ummantelt sondern auch an den \u00e4u\u00dferen Dritteln im Kreuz\u00a0 aufgeschnitten drehen sie sich auf und Werden zu Spinnen der Ultimative Grillspa\u00df f\u00fcr Kinder<\/p>\n","protected":false},"excerpt":{"rendered":"<p>Heizen Sie die Griller an Wir starten in die Grillsaison &nbsp; Bitte verwenden Sie zum Entz\u00fcnden der Kohlen nur geeignete Anz\u00fcnder und keines falls Benzin. -Es schmeckt nicht und der Grillabend k\u00f6nnte ein j\u00e4hes Ende nehmen&#8230; Tipps zu Ihrer sichern Grillfeier finden Sie auf der Homepage der Freiwilligen Feuerwehr Langenzersdorf Die Schweinsbratwurst Aus Schweinefleisch, Speck, [&hellip;]<\/p>\n","protected":false},"author":1,"featured_media":0,"parent":0,"menu_order":1,"comment_status":"closed","ping_status":"closed","template":"","meta":{"spay_email":""},"_links":{"self":[{"href":"http:\/\/www.dormayer.at\/fleischermeister\/wp-json\/wp\/v2\/pages\/367"}],"collection":[{"href":"http:\/\/www.dormayer.at\/fleischermeister\/wp-json\/wp\/v2\/pages"}],"about":[{"href":"http:\/\/www.dormayer.at\/fleischermeister\/wp-json\/wp\/v2\/types\/page"}],"author":[{"embeddable":true,"href":"http:\/\/www.dormayer.at\/fleischermeister\/wp-json\/wp\/v2\/users\/1"}],"replies":[{"embeddable":true,"href":"http:\/\/www.dormayer.at\/fleischermeister\/wp-json\/wp\/v2\/comments?post=367"}],"version-history":[{"count":12,"href":"http:\/\/www.dormayer.at\/fleischermeister\/wp-json\/wp\/v2\/pages\/367\/revisions"}],"predecessor-version":[{"id":387,"href":"http:\/\/www.dormayer.at\/fleischermeister\/wp-json\/wp\/v2\/pages\/367\/revisions\/387"}],"wp:attachment":[{"href":"http:\/\/www.dormayer.at\/fleischermeister\/wp-json\/wp\/v2\/media?parent=367"}],"curies":[{"name":"wp","href":"https:\/\/api.w.org\/{rel}","templated":true}]}}