{"id":15,"date":"2015-05-12T22:28:10","date_gmt":"2015-05-12T20:28:10","guid":{"rendered":"http:\/\/www.dormayer.at\/fleischermeister\/?page_id=15"},"modified":"2023-12-14T20:37:22","modified_gmt":"2023-12-14T19:37:22","slug":"ueber-uns","status":"publish","type":"page","link":"http:\/\/www.dormayer.at\/fleischermeister\/ueber-uns\/","title":{"rendered":"\u00dcber Uns"},"content":{"rendered":"<h1 style=\"text-align: center;\">\u00d6ffnungszeiten Ihrer Fleischerei Dormayer:<\/h1>\n<p style=\"text-align: center;\">Dienstag bis Mittwoch: 8:00 bis 13:00<\/p>\n<p style=\"text-align: center;\">und \u00a015:30 bis 18:00<\/p>\n<p style=\"text-align: center;\">Donnerstag 8:00 bis 12:00<\/p>\n<p style=\"text-align: center;\">Freitag 7:00 bis 18:00<\/p>\n<p style=\"text-align: center;\">Samstag 07:00 bis 13:00<\/p>\n<p style=\"text-align: center;\"><a href=\"http:\/\/www.dormayer.at\/fleischermeister\/wp-content\/uploads\/2015\/05\/logo-white-eng.jpg\"><img loading=\"lazy\" class=\"alignnone size-medium wp-image-44\" src=\"http:\/\/www.dormayer.at\/fleischermeister\/wp-content\/uploads\/2015\/05\/logo-white-eng-260x300.jpg\" alt=\"logo white eng\" width=\"260\" height=\"300\" srcset=\"http:\/\/www.dormayer.at\/fleischermeister\/wp-content\/uploads\/2015\/05\/logo-white-eng-260x300.jpg 260w, http:\/\/www.dormayer.at\/fleischermeister\/wp-content\/uploads\/2015\/05\/logo-white-eng.jpg 495w\" sizes=\"(max-width: 260px) 100vw, 260px\" \/><\/a><\/p>\n<p style=\"text-align: center;\"><span style=\"color: #d60000;\">Wir vereinen alte Handwerkskunst mit innovativen Ideen. Nicht nur unsere ausgezeichneten Blutw\u00fcrste sondern auch alle anderen W\u00fcrste und Schinken werden f\u00fcr Sie per Hand in unserem Betrieb gefertigt!<\/span><\/p>\n<p style=\"text-align: justify;\">Auf dem Standort in der Wienerstrasse 1 hat die Familie Molzer das Fleischergewerbe seit 1870 ausge\u00fcbt. 1950 hat Franz Dormayer Senior das Objekt erworben und mit seiner Frau Maria Anna Dormayer die Fleischerei Dormayer gegr\u00fcndet.<br \/>\n1979 wurde die Fleischerei an den Franz Dormayer Junior \u00fcbergeben, der mit seiner Frau Margarete den Betrieb leitet und wird seit 2021\u00a0 von Markus Dormayer in dritter Generation weiter gef\u00fchrt.<\/p>\n<p style=\"text-align: justify;\">Unsere Fleischerei ist auf die traditionelle Herstellung hochwertiger, regionaler Lebensmittel spezialisiert. Die Schweine kommen aus dem Bezirk Korneuburg da uns der kurze Transportweg sehr am Herzen liegt, geschlachtet werden diese von Meisterhand des Sohnes Markus bei einem Kollegen und Freund in Mollmannsdorf. Rind, Kalb dem Waldviertel. Somit f\u00fchren wir zu 100% \u00d6sterreichisches Fleisch.<br \/>\nSeit \u00fcber 30 Jahren lassen wir unsere W\u00fcrste bei internationalen Wettbewerben beurteilen. Mit unserer Blutwurst sind wir seit jeher im europ\u00e4ischen Spitzenfeld vertreten. Dadurch kommen viele Kunden von weither nach Langenzersdorf um diese besonderen W\u00fcrste zu erstehen.<\/p>\n<h2 style=\"text-align: center;\"><span style=\"color: #d60000;\">Mit unseren Leistungen k\u00f6nnen wir uns als einzige Fleischerei mit sechs \u00f6sterreichischen Landeschampions und vier Weltmeistertiteln schm\u00fccken.<\/span><\/h2>\n<p style=\"text-align: justify;\">Unsere Wurst- und Fleischwaren sind in Belgien, Deutschland, D\u00e4nemark, Frankreich, Holland und \u00d6sterreich wiederholt f\u00fcr ihre Qualit\u00e4t ausgezeichnet worden. Die Lehrlinge die bei uns die Ausbildung erhielten, schlossen diese mit Auszeichnung ab.<br \/>\nBei der Erzeugung unserer Fleisch- und Wurstwaren legen wir Wert auf \u00f6sterreichisches Fleisch und beste Zutaten. Wir kaufen keine gentechnisch ver\u00e4nderten Rohprodukte ein, damit wir wertvolle und nat\u00fcrliche Wurst- und Fleischwaren erzeugen k\u00f6nnen.<br \/>\nMit Slow Food Weinviertel wurde 2010 die Aktion Rettet den Weinviertler Sonntagsbraten ins Leben gerufen.<\/p>\n<p style=\"text-align: center;\">Adresse:<\/p>\n<p style=\"text-align: center;\">Wienerstra\u00dfe 1<\/p>\n<p style=\"text-align: center;\">2103 Langenzersdorf<\/p>\n<p style=\"text-align: center;\">Telefon: 02244 2252<\/p>\n<p style=\"text-align: center;\">E-mail: fleischerei@dormayer.at<\/p>\n","protected":false},"excerpt":{"rendered":"<p>\u00d6ffnungszeiten Ihrer Fleischerei Dormayer: Dienstag bis Mittwoch: 8:00 bis 13:00 und \u00a015:30 bis 18:00 Donnerstag 8:00 bis 12:00 Freitag 7:00 bis 18:00 Samstag 07:00 bis 13:00 Wir vereinen alte Handwerkskunst mit innovativen Ideen. Nicht nur unsere ausgezeichneten Blutw\u00fcrste sondern auch alle anderen W\u00fcrste und Schinken werden f\u00fcr Sie per Hand in unserem Betrieb gefertigt! Auf [&hellip;]<\/p>\n","protected":false},"author":1,"featured_media":16,"parent":0,"menu_order":0,"comment_status":"closed","ping_status":"open","template":"","meta":{"spay_email":""},"_links":{"self":[{"href":"http:\/\/www.dormayer.at\/fleischermeister\/wp-json\/wp\/v2\/pages\/15"}],"collection":[{"href":"http:\/\/www.dormayer.at\/fleischermeister\/wp-json\/wp\/v2\/pages"}],"about":[{"href":"http:\/\/www.dormayer.at\/fleischermeister\/wp-json\/wp\/v2\/types\/page"}],"author":[{"embeddable":true,"href":"http:\/\/www.dormayer.at\/fleischermeister\/wp-json\/wp\/v2\/users\/1"}],"replies":[{"embeddable":true,"href":"http:\/\/www.dormayer.at\/fleischermeister\/wp-json\/wp\/v2\/comments?post=15"}],"version-history":[{"count":18,"href":"http:\/\/www.dormayer.at\/fleischermeister\/wp-json\/wp\/v2\/pages\/15\/revisions"}],"predecessor-version":[{"id":892,"href":"http:\/\/www.dormayer.at\/fleischermeister\/wp-json\/wp\/v2\/pages\/15\/revisions\/892"}],"wp:featuredmedia":[{"embeddable":true,"href":"http:\/\/www.dormayer.at\/fleischermeister\/wp-json\/wp\/v2\/media\/16"}],"wp:attachment":[{"href":"http:\/\/www.dormayer.at\/fleischermeister\/wp-json\/wp\/v2\/media?parent=15"}],"curies":[{"name":"wp","href":"https:\/\/api.w.org\/{rel}","templated":true}]}}